2/14 - 2/(-7). Suppose -t + y = -0*t. Calculate the greatest common divisor of t and 44.
4
Suppose 0 + 4 = 4*c + 3*l, 2*c + l = 0. Let d(u) = 21*u**2 + 3*u + 2. Let o be d(c). Let t = 15 - 5. What is the greatest common factor of t and o?
10
Suppose 3*i - 2*i - 19 = 5*l, -4*l - 8 = i. Let z = -489 - -533. Calculate the greatest common factor of i and z.
4
Let b be -3 - (3/(-3) - -44). Let g = 66 + b. Calculate the greatest common divisor of 4 and g.
4
Let i = 25 - 16. Suppose o = -2*o + 45. Let v = 33 - o. What is the greatest common factor of i and v?
9
Let h(b) = -b**3 - 2*b**2 + b - 3. Let k be h(-5). Let u = -35 + k. What is the highest common factor of u and 4?
4
Let n(s) = -7*s**2 - s**3 - s**2 - 4*s + 2*s**2 + 4. Let d be n(-5). Let r = 0 - d. What is the highest common factor of 2 and r?
1
Suppose k = -3*k - 5*g + 119, -2*k = 4*g - 58. What is the greatest common divisor of k and 31?
31
Let p be (1/5)/(4/20). Suppose -k + 3 = -2, -y + k + p = 0. What is the highest common factor of y and 66?
6
Suppose -41 = -3*i - 2. Calculate the greatest common factor of i and 52.
13
Let u(b) = b + 7. Let g be u(0). Let r(f) = -f**3 + 5*f**2 + 7*f - 6. Let k be r(6). Let d = k + 1. Calculate the greatest common factor of d and g.
1
Let k be -2*(-12 + (1 - -1)). Calculate the greatest common factor of 4 and k.
4
Let a be (40/15)/(2/12). Let x = -5 - -53. Calculate the highest common divisor of a and x.
16
Suppose -4*x - 2*n - 70 = 0, -53 = 5*x - n + 38. Let j = -11 - x. Calculate the greatest common divisor of 63 and j.
7
Let l(p) = -p**3 + 8*p**2 - 7. Let s be l(7). Calculate the highest common factor of 3 and s.
3
Let r be (-1 + 0)*(1 + 3 - 11). What is the highest common factor of r and 56?
7
Suppose -s - 2*s - 2*o = 845, 0 = -4*s + 2*o - 1108. Let i = -139 - s. Suppose i = -r + 5*r. What is the greatest common divisor of r and 14?
7
Let t be ((-3630)/(-385))/(3/14). Let n = -4 + 8. Calculate the greatest common factor of t and n.
4
Let v = -14 - -23. What is the highest common factor of v and 27?
9
Suppose -2*a = -5*d + 221, d - 17 - 17 = -3*a. Calculate the greatest common factor of d and 43.
43
Suppose -3*v - 9 = 0, 2*g - 4*g - 5*v = -53. Calculate the greatest common divisor of g and 17.
17
Let n(a) = -a. Let h be n(-3). Suppose h*c + 5*o = 3 + 17, -13 = -2*c - 3*o. Let r(l) = -l - 3. Let p be r(-5). Calculate the highest common divisor of c and p.
1
Let t(o) = o**2 + 7*o + 21. Let c be t(-9). Let x = 66 - c. Calculate the greatest common factor of 27 and x.
27
Let b be (2 - -1) + 485/(15/3). Let c be (44 - 2) + (-4)/2. Calculate the greatest common factor of b and c.
20
Suppose -4*y = -5*n + 3 - 16, -2*n = 2. Let b be y + (-44)/(-2) + 0. Suppose -3*a + b = a. Calculate the highest common factor of 48 and a.
6
Suppose 5*p - 175 = 65. Let w be (-2 - -1)/(1/(-12)). What is the greatest common divisor of w and p?
12
Let x = -12 - -19. Suppose 5*n + x + 3 = 2*v, -60 = -5*v - 5*n. Calculate the greatest common factor of v and 4.
2
Suppose -x - 2*l - 23 = -87, 0 = 3*x - 4*l - 222. Calculate the highest common factor of 10 and x.
10
Let g = 62 + -37. Calculate the greatest common factor of 5 and g.
5
Suppose 4*r - 60 = 2*r. Suppose 3*q - 42 = 5*q. Let j = 96 + q. What is the highest common divisor of j and r?
15
Let n = 2 + 5. What is the greatest common factor of n and 14?
7
Suppose -4*n = -3*f - 2*f - 42, 0 = -f - 2. Calculate the highest common factor of 72 and n.
8
Let q(f) = 14*f + 10. Let c be q(4). What is the greatest common factor of c and 6?
6
Let r(z) = 2*z + 2. Let t be r(6). Calculate the highest common factor of t and 35.
7
Let r(j) = j**3 + 8*j**2 - 10*j - 9. Let s be r(-9). Let m be (-1 + 1)/((-1)/(-1)). Suppose s = -5*v - m*v + 50. What is the highest common factor of v and 90?
10
Suppose 5*n - 5 = 0, 6*f - 23 = f + 2*n. Suppose 10 = -f*z + 6*z. What is the highest common divisor of 50 and z?
10
Suppose 2*i - 280 = -2*i. Let j(o) be the third derivative of o**4/12 - 2*o**3 - 2*o**2. Let k be j(11). Calculate the greatest common divisor of i and k.
10
Let k(f) = f**2 - 2. Let z be k(0). Suppose -2*p + 12 = p. Let r = p - z. Calculate the greatest common factor of r and 3.
3
Suppose 4*z + r - 20 = 0, -3*r - 17 - 1 = -z. Calculate the greatest common divisor of z and 42.
6
Suppose 5*w - 1008 = -4*m, -2*m + 357 = -4*w - 147. Suppose b - 5*b = -m. Let j be (-4)/(-14) - (-47)/7. Calculate the highest common factor of j and b.
7
Suppose -2*i - 3*i = -160. Suppose d = -3*d + i. Let w(s) = s**3 - 9*s**2 - 8*s - 12. Let p be w(10). What is the greatest common factor of p and d?
8
Suppose 10 = -4*u + 34. Suppose -4 = 2*k, -3*k + 7*k - 16 = -4*b. What is the highest common factor of u and b?
6
Let d = 74 + -68. Calculate the highest common divisor of d and 9.
3
Suppose 20 = 22*h - 17*h. What is the highest common divisor of 36 and h?
4
Suppose 2*k - t + 3*t = 32, 2*t - 45 = -3*k. Let m = k - 21. Let i = m - -11. What is the highest common factor of i and 27?
3
Let v(c) = -c**3 - 3*c**2 + 4*c - 3. Let q be v(-5). Suppose -3*y + 29 = -r + 6*r, -4*y = -5*r - q. Calculate the highest common divisor of 16 and y.
8
Let l(b) = -b**3 + 4*b**2 + 4*b - 1. Let o be l(6). Let p be 3 - 2 - 3*o. Suppose -5*n + 122 = -p. What is the greatest common factor of n and 18?
18
Let y be (1 + -4)*(-4)/3. Suppose -4*u + 6*v + 100 = 2*v, -2*v = u - 37. Let s = u + -17. What is the greatest common divisor of s and y?
4
Let z(i) = i**3 - 4*i**2 - 3*i + 2. Let y be z(5). Let f(v) = -v**2 + 16*v + 7. Let c be f(y). What is the highest common divisor of 11 and c?
11
Let d = 4 + -3. What is the greatest common divisor of d and 4?
1
Suppose i + 16 = 5*y, 3*y = -2*i + 14 + 6. Suppose 0 = i*x - 0 - 48. Let p be 2 - (-6 - (0 + -2)). Calculate the greatest common divisor of p and x.
6
Let k(m) = m + 4. Let w be k(4). Suppose 7*v + 18 = w*v. What is the greatest common factor of v and 72?
18
Let i be -3*(1 + 28/(-6)). Suppose 1 = 4*k - 43. Suppose 3*g - k = 3*l - 4*l, -2*l - 3*g + 22 = 0. What is the greatest common divisor of l and i?
11
Let u = -237 - -333. Calculate the greatest common divisor of 12 and u.
12
Let n(v) = -v**3 + v**2 + 5. Let c be n(0). Suppose 2*z - z + c*b = 104, -3*z - 3*b = -264. Calculate the highest common divisor of 12 and z.
12
Let c = 3 - 1. Suppose h = 21 - 7. Let p = h - 9. What is the greatest common divisor of c and p?
1
Let s be ((-200)/30)/((-2)/6). Calculate the highest common factor of 30 and s.
10
Let n = -4 + 9. Suppose -1 - 2 = -3*b. Suppose -m - b = -6. What is the greatest common divisor of m and n?
5
Let h be (86/(-4) - -2)/(12/(-64)). Calculate the greatest common divisor of 13 and h.
13
Suppose -5*b + 99 = -11. What is the greatest common factor of 2 and b?
2
Let i(b) = b**3 + 5*b**2 + 3*b + 2. Suppose 2*m - 1 + 7 = 0. Let j be i(m). What is the highest common factor of 121 and j?
11
Suppose z + 3*r - r = 22, -3*z - 4*r + 60 = 0. Let s = -159 - -303. Calculate the highest common factor of z and s.
16
Let d(n) = -10*n. Let k be d(-1). What is the greatest common factor of k and 5?
5
Let b(m) = -m**2 + 10*m - 9. Let p be b(9). Suppose p = -3*s + 6*s - 600. Let u = s + -101. What is the highest common divisor of u and 9?
9
Let r(x) = x - 4. Let h be r(5). Suppose 4*i - p - 35 = 0, i = -2*i - 5*p + 32. Let s = 18 - i. Calculate the greatest common divisor of s and h.
1
Suppose 7*b - 3*b = z + 164, -4*b = -4*z - 176. Let m = -22 + b. What is the highest common factor of m and 2?
2
Let k = 14 - 10. Suppose k*l = -l + 20. What is the greatest common divisor of 36 and l?
4
Let m(c) = 9*c - 1. Let g be m(1). Suppose 0*n = 4*n - g. Suppose -5 = -2*d - 1. What is the greatest common divisor of n and d?
2
Let g(t) = -t + 7. Let f be g(9). Let v be f - (-9 - (-8)/(-4)). Calculate the highest common factor of v and 36.
9
Suppose -4*u = 4*x + 20, -4 = 3*u + x + 1. Suppose q + 0*q - 165 = u. Let p be (-4)/8 - 31/(-2). Calculate the highest common divisor of q and p.
15
Let x be (-2 + 33)/(11/22). What is the greatest common factor of 62 and x?
62
Let y(j) = -j**3 - 2*j**2 - 2*j. Suppose -4 = -5*q - 14. Let z be y(q). Suppose 0 = 2*f - 0*f - 12. What is the highest common divisor of f and z?
2
Let u = 28 - 2. Calculate the highest common divisor of 26